{"id":835,"date":"2024-07-08T21:16:39","date_gmt":"2024-07-09T00:16:39","guid":{"rendered":"https:\/\/posturaleespecializada.com.br\/?page_id=835"},"modified":"2025-01-16T23:18:48","modified_gmt":"2025-01-17T02:18:48","slug":"noticias","status":"publish","type":"page","link":"https:\/\/posturaleespecializada.com.br\/index.php\/noticias\/","title":{"rendered":"Not\u00edcias"},"content":{"rendered":"\t\t<div data-elementor-type=\"wp-page\" data-elementor-id=\"835\" class=\"elementor elementor-835\" data-elementor-post-type=\"page\">\n\t\t\t\t\t\t\t\t\t<section class=\"elementor-section elementor-top-section elementor-element elementor-element-ade470e elementor-section-full_width elementor-section-height-min-height elementor-section-stretched elementor-section-height-default elementor-section-items-middle\" data-id=\"ade470e\" data-element_type=\"section\" data-settings=\"{&quot;stretch_section&quot;:&quot;section-stretched&quot;,&quot;background_background&quot;:&quot;classic&quot;}\">\n\t\t\t\t\t\t\t<div class=\"elementor-background-overlay\"><\/div>\n\t\t\t\t\t\t\t<div class=\"elementor-container elementor-column-gap-default\">\n\t\t\t\t\t<div class=\"elementor-column elementor-col-100 elementor-top-column elementor-element elementor-element-029e49a\" data-id=\"029e49a\" data-element_type=\"column\">\n\t\t\t<div class=\"elementor-widget-wrap elementor-element-populated\">\n\t\t\t\t\t\t\t\t\t<\/div>\n\t\t<\/div>\n\t\t\t\t\t\t\t<\/div>\n\t\t<\/section>\n\t\t\t\t<section class=\"elementor-section elementor-top-section elementor-element elementor-element-1538be8 elementor-section-boxed elementor-section-height-default elementor-section-height-default\" data-id=\"1538be8\" data-element_type=\"section\">\n\t\t\t\t\t\t<div class=\"elementor-container elementor-column-gap-default\">\n\t\t\t\t\t<div class=\"elementor-column elementor-col-100 elementor-top-column elementor-element elementor-element-72a482a\" data-id=\"72a482a\" data-element_type=\"column\">\n\t\t\t<div class=\"elementor-widget-wrap elementor-element-populated\">\n\t\t\t\t\t\t\t\t<div class=\"elementor-element elementor-element-7a1d35a elementor-grid-1 elementor-widget__width-initial elementor-widget-mobile__width-inherit elementor-grid-tablet-2 elementor-grid-mobile-1 elementor-posts--thumbnail-top elementor-widget elementor-widget-posts\" data-id=\"7a1d35a\" data-element_type=\"widget\" data-settings=\"{&quot;classic_columns&quot;:&quot;1&quot;,&quot;classic_row_gap&quot;:{&quot;unit&quot;:&quot;px&quot;,&quot;size&quot;:50,&quot;sizes&quot;:[]},&quot;classic_columns_tablet&quot;:&quot;2&quot;,&quot;classic_columns_mobile&quot;:&quot;1&quot;,&quot;classic_row_gap_tablet&quot;:{&quot;unit&quot;:&quot;px&quot;,&quot;size&quot;:&quot;&quot;,&quot;sizes&quot;:[]},&quot;classic_row_gap_mobile&quot;:{&quot;unit&quot;:&quot;px&quot;,&quot;size&quot;:&quot;&quot;,&quot;sizes&quot;:[]}}\" data-widget_type=\"posts.classic\">\n\t\t\t\t<div class=\"elementor-widget-container\">\n\t\t\t<link rel=\"stylesheet\" href=\"https:\/\/posturaleespecializada.com.br\/wp-content\/plugins\/pro-elements\/assets\/css\/widget-posts.min.css\">\t\t<div class=\"elementor-posts-container elementor-posts elementor-posts--skin-classic elementor-grid\">\n\t\t\t\t<article class=\"elementor-post elementor-grid-item post-1141 post type-post status-publish format-standard has-post-thumbnail hentry category-blog\">\n\t\t\t\t<a class=\"elementor-post__thumbnail__link\" href=\"https:\/\/posturaleespecializada.com.br\/index.php\/2025\/02\/08\/bruxismo-e-dtm-como-a-fisioterapia-ajuda\/\" >\n\t\t\t<div class=\"elementor-post__thumbnail\"><img decoding=\"async\" width=\"1024\" height=\"1024\" src=\"https:\/\/posturaleespecializada.com.br\/wp-content\/uploads\/2025\/02\/DALL\u00b7E-2025-02-08-19.08.45-A-realistic-digital-illustration-of-a-person-experiencing-bruxism.-The-image-shows-a-close-up-of-a-person-clenching-their-teeth-tightly-while-sleeping.webp\" class=\"attachment-1536x1536 size-1536x1536 wp-image-1147\" alt=\"bruxismo-e-dtm-como-a-fisioterapia-ajuda\" loading=\"lazy\" srcset=\"https:\/\/posturaleespecializada.com.br\/wp-content\/uploads\/2025\/02\/DALL\u00b7E-2025-02-08-19.08.45-A-realistic-digital-illustration-of-a-person-experiencing-bruxism.-The-image-shows-a-close-up-of-a-person-clenching-their-teeth-tightly-while-sleeping.webp 1024w, https:\/\/posturaleespecializada.com.br\/wp-content\/uploads\/2025\/02\/DALL\u00b7E-2025-02-08-19.08.45-A-realistic-digital-illustration-of-a-person-experiencing-bruxism.-The-image-shows-a-close-up-of-a-person-clenching-their-teeth-tightly-while-sleeping-300x300.webp 300w, https:\/\/posturaleespecializada.com.br\/wp-content\/uploads\/2025\/02\/DALL\u00b7E-2025-02-08-19.08.45-A-realistic-digital-illustration-of-a-person-experiencing-bruxism.-The-image-shows-a-close-up-of-a-person-clenching-their-teeth-tightly-while-sleeping-150x150.webp 150w, https:\/\/posturaleespecializada.com.br\/wp-content\/uploads\/2025\/02\/DALL\u00b7E-2025-02-08-19.08.45-A-realistic-digital-illustration-of-a-person-experiencing-bruxism.-The-image-shows-a-close-up-of-a-person-clenching-their-teeth-tightly-while-sleeping-768x768.webp 768w\" sizes=\"(max-width: 1024px) 100vw, 1024px\" \/><\/div>\n\t\t<\/a>\n\t\t\t\t<div class=\"elementor-post__text\">\n\t\t\t\t<h3 class=\"elementor-post__title\">\n\t\t\t<a href=\"https:\/\/posturaleespecializada.com.br\/index.php\/2025\/02\/08\/bruxismo-e-dtm-como-a-fisioterapia-ajuda\/\" >\n\t\t\t\tVoc\u00ea Range os Dentes? Isso Pode Estar Acabando com Sua Mand\u00edbula!\t\t\t<\/a>\n\t\t<\/h3>\n\t\t\t\t<div class=\"elementor-post__excerpt\">\n\t\t\t<p>Voc\u00ea acorda com dores na mand\u00edbula ou sente tens\u00e3o no rosto ao longo do dia? O bruxismo \u2013 o h\u00e1bito involunt\u00e1rio de ranger ou apertar<\/p>\n\t\t<\/div>\n\t\t\n\t\t<a class=\"elementor-post__read-more\" href=\"https:\/\/posturaleespecializada.com.br\/index.php\/2025\/02\/08\/bruxismo-e-dtm-como-a-fisioterapia-ajuda\/\" aria-label=\"Read more about Voc\u00ea Range os Dentes? Isso Pode Estar Acabando com Sua Mand\u00edbula!\" >\n\t\t\tSaiba Mais\t\t<\/a>\n\n\t\t\t\t<\/div>\n\t\t\t\t<\/article>\n\t\t\t\t<article class=\"elementor-post elementor-grid-item post-1136 post type-post status-publish format-standard has-post-thumbnail hentry category-blog\">\n\t\t\t\t<a class=\"elementor-post__thumbnail__link\" href=\"https:\/\/posturaleespecializada.com.br\/index.php\/2025\/02\/08\/dtm-e-estresse-como-a-tensao-afeta-a-mandibula\/\" >\n\t\t\t<div class=\"elementor-post__thumbnail\"><img decoding=\"async\" width=\"1024\" height=\"1024\" src=\"https:\/\/posturaleespecializada.com.br\/wp-content\/uploads\/2025\/02\/DALL\u00b7E-2025-02-08-19.01.35-A-realistic-image-of-a-person-with-bruxism-pressing-their-teeth-together-while-sleeping.-The-image-highlights-jaw-tension-and-discomfort-with-a-subt.webp\" class=\"attachment-1536x1536 size-1536x1536 wp-image-1137\" alt=\"dtm-e-estresse-como-a-tensao-afeta-a-mandibula\" loading=\"lazy\" srcset=\"https:\/\/posturaleespecializada.com.br\/wp-content\/uploads\/2025\/02\/DALL\u00b7E-2025-02-08-19.01.35-A-realistic-image-of-a-person-with-bruxism-pressing-their-teeth-together-while-sleeping.-The-image-highlights-jaw-tension-and-discomfort-with-a-subt.webp 1024w, https:\/\/posturaleespecializada.com.br\/wp-content\/uploads\/2025\/02\/DALL\u00b7E-2025-02-08-19.01.35-A-realistic-image-of-a-person-with-bruxism-pressing-their-teeth-together-while-sleeping.-The-image-highlights-jaw-tension-and-discomfort-with-a-subt-300x300.webp 300w, https:\/\/posturaleespecializada.com.br\/wp-content\/uploads\/2025\/02\/DALL\u00b7E-2025-02-08-19.01.35-A-realistic-image-of-a-person-with-bruxism-pressing-their-teeth-together-while-sleeping.-The-image-highlights-jaw-tension-and-discomfort-with-a-subt-150x150.webp 150w, https:\/\/posturaleespecializada.com.br\/wp-content\/uploads\/2025\/02\/DALL\u00b7E-2025-02-08-19.01.35-A-realistic-image-of-a-person-with-bruxism-pressing-their-teeth-together-while-sleeping.-The-image-highlights-jaw-tension-and-discomfort-with-a-subt-768x768.webp 768w\" sizes=\"(max-width: 1024px) 100vw, 1024px\" \/><\/div>\n\t\t<\/a>\n\t\t\t\t<div class=\"elementor-post__text\">\n\t\t\t\t<h3 class=\"elementor-post__title\">\n\t\t\t<a href=\"https:\/\/posturaleespecializada.com.br\/index.php\/2025\/02\/08\/dtm-e-estresse-como-a-tensao-afeta-a-mandibula\/\" >\n\t\t\t\tSua Dor na Mand\u00edbula Pode Ser Estresse!\t\t\t<\/a>\n\t\t<\/h3>\n\t\t\t\t<div class=\"elementor-post__excerpt\">\n\t\t\t<p>O estresse do dia a dia pode estar causando um problema que voc\u00ea nem imagina: a dor na mand\u00edbula. Se voc\u00ea sente tens\u00e3o na face,<\/p>\n\t\t<\/div>\n\t\t\n\t\t<a class=\"elementor-post__read-more\" href=\"https:\/\/posturaleespecializada.com.br\/index.php\/2025\/02\/08\/dtm-e-estresse-como-a-tensao-afeta-a-mandibula\/\" aria-label=\"Read more about Sua Dor na Mand\u00edbula Pode Ser Estresse!\" >\n\t\t\tSaiba Mais\t\t<\/a>\n\n\t\t\t\t<\/div>\n\t\t\t\t<\/article>\n\t\t\t\t<article class=\"elementor-post elementor-grid-item post-1128 post type-post status-publish format-standard has-post-thumbnail hentry category-blog\">\n\t\t\t\t<a class=\"elementor-post__thumbnail__link\" href=\"https:\/\/posturaleespecializada.com.br\/index.php\/2025\/02\/08\/dor-na-mandibula-tratamento-dtm-fisioterapia\/\" >\n\t\t\t<div class=\"elementor-post__thumbnail\"><img decoding=\"async\" width=\"1024\" height=\"1024\" src=\"https:\/\/posturaleespecializada.com.br\/wp-content\/uploads\/2025\/02\/041f2092-2c58-4943-aac3-52db501e3b1b.webp\" class=\"attachment-1536x1536 size-1536x1536 wp-image-1132\" alt=\"tratamento para DTM com fisioterapia\" loading=\"lazy\" srcset=\"https:\/\/posturaleespecializada.com.br\/wp-content\/uploads\/2025\/02\/041f2092-2c58-4943-aac3-52db501e3b1b.webp 1024w, https:\/\/posturaleespecializada.com.br\/wp-content\/uploads\/2025\/02\/041f2092-2c58-4943-aac3-52db501e3b1b-300x300.webp 300w, https:\/\/posturaleespecializada.com.br\/wp-content\/uploads\/2025\/02\/041f2092-2c58-4943-aac3-52db501e3b1b-150x150.webp 150w, https:\/\/posturaleespecializada.com.br\/wp-content\/uploads\/2025\/02\/041f2092-2c58-4943-aac3-52db501e3b1b-768x768.webp 768w\" sizes=\"(max-width: 1024px) 100vw, 1024px\" \/><\/div>\n\t\t<\/a>\n\t\t\t\t<div class=\"elementor-post__text\">\n\t\t\t\t<h3 class=\"elementor-post__title\">\n\t\t\t<a href=\"https:\/\/posturaleespecializada.com.br\/index.php\/2025\/02\/08\/dor-na-mandibula-tratamento-dtm-fisioterapia\/\" >\n\t\t\t\tDor na Mand\u00edbula? Descubra o Tratamento Que Est\u00e1 Transformando Vidas!\t\t\t<\/a>\n\t\t<\/h3>\n\t\t\t\t<div class=\"elementor-post__excerpt\">\n\t\t\t<p>Voc\u00ea sente dores ao abrir a boca, estalos na mand\u00edbula ou dificuldade para mastigar? Esses sinais podem indicar um problema s\u00e9rio: a DTM (Disfun\u00e7\u00e3o Temporomandibular).<\/p>\n\t\t<\/div>\n\t\t\n\t\t<a class=\"elementor-post__read-more\" href=\"https:\/\/posturaleespecializada.com.br\/index.php\/2025\/02\/08\/dor-na-mandibula-tratamento-dtm-fisioterapia\/\" aria-label=\"Read more about Dor na Mand\u00edbula? Descubra o Tratamento Que Est\u00e1 Transformando Vidas!\" >\n\t\t\tSaiba Mais\t\t<\/a>\n\n\t\t\t\t<\/div>\n\t\t\t\t<\/article>\n\t\t\t\t<article class=\"elementor-post elementor-grid-item post-1014 post type-post status-publish format-standard has-post-thumbnail hentry category-blog\">\n\t\t\t\t<a class=\"elementor-post__thumbnail__link\" href=\"https:\/\/posturaleespecializada.com.br\/index.php\/2025\/01\/16\/fisioterapia-escoliose-adolescentes-identificacao-precoce-tratamento\/\" >\n\t\t\t<div class=\"elementor-post__thumbnail\"><img decoding=\"async\" width=\"1024\" height=\"1024\" src=\"https:\/\/posturaleespecializada.com.br\/wp-content\/uploads\/2025\/01\/Designer.jpeg\" class=\"attachment-1536x1536 size-1536x1536 wp-image-1015\" alt=\"\" loading=\"lazy\" srcset=\"https:\/\/posturaleespecializada.com.br\/wp-content\/uploads\/2025\/01\/Designer.jpeg 1024w, https:\/\/posturaleespecializada.com.br\/wp-content\/uploads\/2025\/01\/Designer-300x300.jpeg 300w, https:\/\/posturaleespecializada.com.br\/wp-content\/uploads\/2025\/01\/Designer-150x150.jpeg 150w, https:\/\/posturaleespecializada.com.br\/wp-content\/uploads\/2025\/01\/Designer-768x768.jpeg 768w\" sizes=\"(max-width: 1024px) 100vw, 1024px\" \/><\/div>\n\t\t<\/a>\n\t\t\t\t<div class=\"elementor-post__text\">\n\t\t\t\t<h3 class=\"elementor-post__title\">\n\t\t\t<a href=\"https:\/\/posturaleespecializada.com.br\/index.php\/2025\/01\/16\/fisioterapia-escoliose-adolescentes-identificacao-precoce-tratamento\/\" >\n\t\t\t\tEscoliose em Adolescentes: Identifica\u00e7\u00e3o Precoce e Tratamento Fisioterap\u00eautico Eficaz\t\t\t<\/a>\n\t\t<\/h3>\n\t\t\t\t<div class=\"elementor-post__excerpt\">\n\t\t\t<p>A fisioterapia desempenha um papel fundamental no tratamento da escoliose em adolescentes. Identificar a condi\u00e7\u00e3o precocemente e iniciar o tratamento adequado \u00e9 essencial para evitar<\/p>\n\t\t<\/div>\n\t\t\n\t\t<a class=\"elementor-post__read-more\" href=\"https:\/\/posturaleespecializada.com.br\/index.php\/2025\/01\/16\/fisioterapia-escoliose-adolescentes-identificacao-precoce-tratamento\/\" aria-label=\"Read more about Escoliose em Adolescentes: Identifica\u00e7\u00e3o Precoce e Tratamento Fisioterap\u00eautico Eficaz\" >\n\t\t\tSaiba Mais\t\t<\/a>\n\n\t\t\t\t<\/div>\n\t\t\t\t<\/article>\n\t\t\t\t<\/div>\n\t\t\n\t\t\t\t<\/div>\n\t\t\t\t<\/div>\n\t\t\t\t\t<\/div>\n\t\t<\/div>\n\t\t\t\t\t\t\t<\/div>\n\t\t<\/section>\n\t\t\t\t\t\t\t<\/div>\n\t\t","protected":false},"excerpt":{"rendered":"","protected":false},"author":1,"featured_media":0,"parent":0,"menu_order":0,"comment_status":"closed","ping_status":"closed","template":"","meta":{"om_disable_all_campaigns":false,"_monsterinsights_skip_tracking":false,"_monsterinsights_sitenote_active":false,"_monsterinsights_sitenote_note":"","_monsterinsights_sitenote_category":0,"site-sidebar-layout":"no-sidebar","site-content-layout":"page-builder","ast-global-header-display":"","ast-banner-title-visibility":"","ast-main-header-display":"","ast-hfb-above-header-display":"","ast-hfb-below-header-display":"","ast-hfb-mobile-header-display":"","site-post-title":"disabled","ast-breadcrumbs-content":"","ast-featured-img":"disabled","footer-sml-layout":"","theme-transparent-header-meta":"","adv-header-id-meta":"","stick-header-meta":"","header-above-stick-meta":"","header-main-stick-meta":"","header-below-stick-meta":""},"yoast_head":"<!-- This site is optimized with the Yoast SEO plugin v20.13 - https:\/\/yoast.com\/wordpress\/plugins\/seo\/ -->\n<title>Not\u00edcias &ndash; Cl\u00ednica de Fisioterapia Bras\u00edlia\/DF &ndash; 8 de Julho de 2024<\/title>\n<meta name=\"description\" content=\"Fique por dentro das \u00faltimas not\u00edcias e tend\u00eancias em fisioterapia. Descubra dicas de especialistas, novos tratamentos e inova\u00e7\u00f5es.\" \/>\n<meta name=\"robots\" content=\"index, follow, max-snippet:-1, max-image-preview:large, max-video-preview:-1\" \/>\n<link rel=\"canonical\" href=\"https:\/\/posturaleespecializada.com.br\/index.php\/noticias\/\" \/>\n<meta property=\"og:locale\" content=\"pt_PT\" \/>\n<meta property=\"og:type\" content=\"article\" \/>\n<meta property=\"og:title\" content=\"Not\u00edcias &ndash; Cl\u00ednica de Fisioterapia Bras\u00edlia\/DF &ndash; 8 de Julho de 2024\" \/>\n<meta property=\"og:description\" content=\"Fique por dentro das \u00faltimas not\u00edcias e tend\u00eancias em fisioterapia. Descubra dicas de especialistas, novos tratamentos e inova\u00e7\u00f5es.\" \/>\n<meta property=\"og:url\" content=\"https:\/\/posturaleespecializada.com.br\/index.php\/noticias\/\" \/>\n<meta property=\"article:modified_time\" content=\"2025-01-17T02:18:48+00:00\" \/>\n<meta property=\"og:image\" content=\"https:\/\/posturaleespecializada.com.br\/wp-content\/uploads\/2023\/07\/cropped-cropped-logo3-1.jpg\" \/>\n\t<meta property=\"og:image:width\" content=\"1357\" \/>\n\t<meta property=\"og:image:height\" content=\"365\" \/>\n\t<meta property=\"og:image:type\" content=\"image\/jpeg\" \/>\n<meta name=\"twitter:card\" content=\"summary_large_image\" \/>\n<meta name=\"twitter:label1\" content=\"Est. reading time\" \/>\n\t<meta name=\"twitter:data1\" content=\"1 minuto\" \/>\n<script type=\"application\/ld+json\" class=\"yoast-schema-graph\">{\"@context\":\"https:\/\/schema.org\",\"@graph\":[{\"@type\":\"WebPage\",\"@id\":\"https:\/\/posturaleespecializada.com.br\/index.php\/noticias\/\",\"url\":\"https:\/\/posturaleespecializada.com.br\/index.php\/noticias\/\",\"name\":\"Not\u00edcias &ndash; Cl\u00ednica de Fisioterapia Bras\u00edlia\/DF &ndash; 8 de Julho de 2024\",\"isPartOf\":{\"@id\":\"https:\/\/posturaleespecializada.com.br\/#website\"},\"datePublished\":\"2024-07-09T00:16:39+00:00\",\"dateModified\":\"2025-01-17T02:18:48+00:00\",\"description\":\"Fique por dentro das \u00faltimas not\u00edcias e tend\u00eancias em fisioterapia. Descubra dicas de especialistas, novos tratamentos e inova\u00e7\u00f5es.\",\"breadcrumb\":{\"@id\":\"https:\/\/posturaleespecializada.com.br\/index.php\/noticias\/#breadcrumb\"},\"inLanguage\":\"pt-PT\",\"potentialAction\":[{\"@type\":\"ReadAction\",\"target\":[\"https:\/\/posturaleespecializada.com.br\/index.php\/noticias\/\"]}]},{\"@type\":\"BreadcrumbList\",\"@id\":\"https:\/\/posturaleespecializada.com.br\/index.php\/noticias\/#breadcrumb\",\"itemListElement\":[{\"@type\":\"ListItem\",\"position\":1,\"name\":\"In\u00edcio\",\"item\":\"https:\/\/posturaleespecializada.com.br\/\"},{\"@type\":\"ListItem\",\"position\":2,\"name\":\"Not\u00edcias\"}]},{\"@type\":\"WebSite\",\"@id\":\"https:\/\/posturaleespecializada.com.br\/#website\",\"url\":\"https:\/\/posturaleespecializada.com.br\/\",\"name\":\"Posturale Especializada\",\"description\":\"Obtenha Al\u00edvio da Dor e Melhore sua Qualidade de Vida com a Cl\u00ednica Especializada em Fisioterapia Postural - Posturale. Nossos Especialistas Oferecem Avalia\u00e7\u00f5es Precisas e Tratamentos Personalizados para Problemas de Postura. Agende Agora para uma Postura Mais Saud\u00e1vel e Sem Dor\",\"publisher\":{\"@id\":\"https:\/\/posturaleespecializada.com.br\/#organization\"},\"alternateName\":\"Cl\u00ednica Posturale\",\"potentialAction\":[{\"@type\":\"SearchAction\",\"target\":{\"@type\":\"EntryPoint\",\"urlTemplate\":\"https:\/\/posturaleespecializada.com.br\/?s={search_term_string}\"},\"query-input\":\"required name=search_term_string\"}],\"inLanguage\":\"pt-PT\"},{\"@type\":\"Organization\",\"@id\":\"https:\/\/posturaleespecializada.com.br\/#organization\",\"name\":\"Posturale\",\"alternateName\":\"Posturale Especializada\",\"url\":\"https:\/\/posturaleespecializada.com.br\/\",\"logo\":{\"@type\":\"ImageObject\",\"inLanguage\":\"pt-PT\",\"@id\":\"https:\/\/posturaleespecializada.com.br\/#\/schema\/logo\/image\/\",\"url\":\"https:\/\/posturaleespecializada.com.br\/wp-content\/uploads\/2023\/07\/cropped-cropped-logo3-1.jpg\",\"contentUrl\":\"https:\/\/posturaleespecializada.com.br\/wp-content\/uploads\/2023\/07\/cropped-cropped-logo3-1.jpg\",\"width\":1357,\"height\":365,\"caption\":\"Posturale\"},\"image\":{\"@id\":\"https:\/\/posturaleespecializada.com.br\/#\/schema\/logo\/image\/\"},\"sameAs\":[\"https:\/\/www.instagram.com\/posturale.fisioterapia\/\"]}]}<\/script>\n<!-- \/ Yoast SEO plugin. -->","yoast_head_json":{"title":"Not\u00edcias &ndash; Cl\u00ednica de Fisioterapia Bras\u00edlia\/DF &ndash; 8 de Julho de 2024","description":"Fique por dentro das \u00faltimas not\u00edcias e tend\u00eancias em fisioterapia. Descubra dicas de especialistas, novos tratamentos e inova\u00e7\u00f5es.","robots":{"index":"index","follow":"follow","max-snippet":"max-snippet:-1","max-image-preview":"max-image-preview:large","max-video-preview":"max-video-preview:-1"},"canonical":"https:\/\/posturaleespecializada.com.br\/index.php\/noticias\/","og_locale":"pt_PT","og_type":"article","og_title":"Not\u00edcias &ndash; Cl\u00ednica de Fisioterapia Bras\u00edlia\/DF &ndash; 8 de Julho de 2024","og_description":"Fique por dentro das \u00faltimas not\u00edcias e tend\u00eancias em fisioterapia. Descubra dicas de especialistas, novos tratamentos e inova\u00e7\u00f5es.","og_url":"https:\/\/posturaleespecializada.com.br\/index.php\/noticias\/","article_modified_time":"2025-01-17T02:18:48+00:00","og_image":[{"width":1357,"height":365,"url":"https:\/\/posturaleespecializada.com.br\/wp-content\/uploads\/2023\/07\/cropped-cropped-logo3-1.jpg","type":"image\/jpeg"}],"twitter_card":"summary_large_image","twitter_misc":{"Est. reading time":"1 minuto"},"schema":{"@context":"https:\/\/schema.org","@graph":[{"@type":"WebPage","@id":"https:\/\/posturaleespecializada.com.br\/index.php\/noticias\/","url":"https:\/\/posturaleespecializada.com.br\/index.php\/noticias\/","name":"Not\u00edcias &ndash; Cl\u00ednica de Fisioterapia Bras\u00edlia\/DF &ndash; 8 de Julho de 2024","isPartOf":{"@id":"https:\/\/posturaleespecializada.com.br\/#website"},"datePublished":"2024-07-09T00:16:39+00:00","dateModified":"2025-01-17T02:18:48+00:00","description":"Fique por dentro das \u00faltimas not\u00edcias e tend\u00eancias em fisioterapia. Descubra dicas de especialistas, novos tratamentos e inova\u00e7\u00f5es.","breadcrumb":{"@id":"https:\/\/posturaleespecializada.com.br\/index.php\/noticias\/#breadcrumb"},"inLanguage":"pt-PT","potentialAction":[{"@type":"ReadAction","target":["https:\/\/posturaleespecializada.com.br\/index.php\/noticias\/"]}]},{"@type":"BreadcrumbList","@id":"https:\/\/posturaleespecializada.com.br\/index.php\/noticias\/#breadcrumb","itemListElement":[{"@type":"ListItem","position":1,"name":"In\u00edcio","item":"https:\/\/posturaleespecializada.com.br\/"},{"@type":"ListItem","position":2,"name":"Not\u00edcias"}]},{"@type":"WebSite","@id":"https:\/\/posturaleespecializada.com.br\/#website","url":"https:\/\/posturaleespecializada.com.br\/","name":"Posturale Especializada","description":"Obtenha Al\u00edvio da Dor e Melhore sua Qualidade de Vida com a Cl\u00ednica Especializada em Fisioterapia Postural - Posturale. Nossos Especialistas Oferecem Avalia\u00e7\u00f5es Precisas e Tratamentos Personalizados para Problemas de Postura. Agende Agora para uma Postura Mais Saud\u00e1vel e Sem Dor","publisher":{"@id":"https:\/\/posturaleespecializada.com.br\/#organization"},"alternateName":"Cl\u00ednica Posturale","potentialAction":[{"@type":"SearchAction","target":{"@type":"EntryPoint","urlTemplate":"https:\/\/posturaleespecializada.com.br\/?s={search_term_string}"},"query-input":"required name=search_term_string"}],"inLanguage":"pt-PT"},{"@type":"Organization","@id":"https:\/\/posturaleespecializada.com.br\/#organization","name":"Posturale","alternateName":"Posturale Especializada","url":"https:\/\/posturaleespecializada.com.br\/","logo":{"@type":"ImageObject","inLanguage":"pt-PT","@id":"https:\/\/posturaleespecializada.com.br\/#\/schema\/logo\/image\/","url":"https:\/\/posturaleespecializada.com.br\/wp-content\/uploads\/2023\/07\/cropped-cropped-logo3-1.jpg","contentUrl":"https:\/\/posturaleespecializada.com.br\/wp-content\/uploads\/2023\/07\/cropped-cropped-logo3-1.jpg","width":1357,"height":365,"caption":"Posturale"},"image":{"@id":"https:\/\/posturaleespecializada.com.br\/#\/schema\/logo\/image\/"},"sameAs":["https:\/\/www.instagram.com\/posturale.fisioterapia\/"]}]}},"_links":{"self":[{"href":"https:\/\/posturaleespecializada.com.br\/index.php\/wp-json\/wp\/v2\/pages\/835"}],"collection":[{"href":"https:\/\/posturaleespecializada.com.br\/index.php\/wp-json\/wp\/v2\/pages"}],"about":[{"href":"https:\/\/posturaleespecializada.com.br\/index.php\/wp-json\/wp\/v2\/types\/page"}],"author":[{"embeddable":true,"href":"https:\/\/posturaleespecializada.com.br\/index.php\/wp-json\/wp\/v2\/users\/1"}],"replies":[{"embeddable":true,"href":"https:\/\/posturaleespecializada.com.br\/index.php\/wp-json\/wp\/v2\/comments?post=835"}],"version-history":[{"count":64,"href":"https:\/\/posturaleespecializada.com.br\/index.php\/wp-json\/wp\/v2\/pages\/835\/revisions"}],"predecessor-version":[{"id":1013,"href":"https:\/\/posturaleespecializada.com.br\/index.php\/wp-json\/wp\/v2\/pages\/835\/revisions\/1013"}],"wp:attachment":[{"href":"https:\/\/posturaleespecializada.com.br\/index.php\/wp-json\/wp\/v2\/media?parent=835"}],"curies":[{"name":"wp","href":"https:\/\/api.w.org\/{rel}","templated":true}]}}